 8, what is 602 + 20?
622
In base 8, what is -71 + 306?
215
In base 12, what is 2 + 42?
44
In base 15, what is -3 + -e1?
-e4
In base 16, what is -1 - -156?
155
In base 5, what is 1 - -20?
21
In base 13, what is 24 - 5?
1c
In base 8, what is -2 + -521?
-523
In base 6, what is 2 + 13031?
13033
In base 16, what is 120 - 0?
120
In base 3, what is 2112220 + 11?
2120001
In base 12, what is -21b + -2?
-221
In base 13, what is 3 - -42?
45
In base 12, what is -1 - 55?
-56
In base 3, what is 12 - -20020?
20102
In base 8, what is 0 - 1?
-1
In base 9, what is 72 + 225?
307
In base 16, what is -a5 - 1?
-a6
In base 14, what is -7 - 1b?
-24
In base 4, what is -1020 + 3?
-1011
In base 15, what is -32b - 15?
-341
In base 5, what is 3042 + 1?
3043
In base 10, what is -70 - -5?
-65
In base 2, what is -11111001101100 - 0?
-11111001101100
In base 11, what is -28 - 5a?
-87
In base 7, what is -2 - 55?
-60
In base 15, what is -9 + 18c?
183
In base 10, what is -944 - 17?
-961
In base 9, what is 2873 + 1?
2874
In base 9, what is 25 - 4?
21
In base 2, what is -10 + 1?
-1
In base 7, what is -2 + -32?
-34
In base 4, what is 10 + -123331?
-123321
In base 13, what is -b + -21?
-2c
In base 6, what is 215 + 4?
223
In base 9, what is -62 + 48?
-13
In base 10, what is -3 + -44?
-47
In base 14, what is 3 - -b8a?
b8d
In base 9, what is 4 + -336?
-332
In base 2, what is -1 + -1011001010?
-1011001011
In base 11, what is -80 + 3?
-78
In base 5, what is -1444 - -1?
-1443
In base 8, what is 13 + 12?
25
In base 16, what is 4 + 98c?
990
In base 5, what is 343 + -12?
331
In base 14, what is 51 - -63?
b4
In base 9, what is -605 + -2?
-607
In base 6, what is 1523 + 3?
1530
In base 12, what is 6 - 2?
4
In base 8, what is 1 + -100?
-77
In base 5, what is 101 + 21?
122
In base 4, what is -1002 + -3011?
-10013
In base 12, what is 11 - 48?
-37
In base 16, what is 5e - 18?
46
In base 5, what is 12042 + 23?
12120
In base 13, what is -3 - -2c?
29
In base 5, what is -30 + 2032?
2002
In base 12, what is 35 + 58?
91
In base 10, what is 9 - 76?
-67
In base 13, what is -5 + 79?
74
In base 9, what is -1 - -1204?
1203
In base 6, what is -41 - -22?
-15
In base 14, what is -38 + -5?
-3d
In base 11, what is 4 - 83?
-7a
In base 16, what is -49b + -1?
-49c
In base 2, what is 10000110110 - -1000?
10000111110
In base 13, what is -4 + 245?
241
In base 7, what is 41 - 355?
-314
In base 3, what is -110102211 - 0?
-110102211
In base 2, what is -100 + 1011?
111
In base 16, what is -2 + 167?
165
In base 9, what is 45586 + -4?
45582
In base 4, what is -21 - 3?
-30
In base 5, what is -11 + -1230?
-1241
In base 3, what is -1020 + 10?
-1010
In base 9, what is -4 + -131?
-135
In base 12, what is -2 - 2294?
-2296
In base 15, what is 1 + 300?
301
In base 13, what is -8 - 9?
-14
In base 13, what is 59 - 3?
56
In base 6, what is 4134 + -13?
4121
In base 4, what is 3 + -113232?
-113223
In base 10, what is 15 + 793?
808
In base 9, what is 1073 + -1?
1072
In base 6, what is 354143 - -2?
354145
In base 14, what is d - -9c0?
9cd
In base 7, what is 2 - -25230?
25232
In base 11, what is 3 + -3?
0
In base 11, what is a8 + 15?
112
In base 12, what is -1 - -31?
30
In base 15, what is 4 + 1a0?
1a4
In base 16, what is -1 + 54b?
54a
In base 8, what is -2 + 52?
50
In base 3, what is 2101 + 1020?
10121
In base 5, what is -12 - 2020?
-2032
In base 12, what is 438 + -2?
436
In base 12, what is b8 + -1?
b7
In base 5, what is 24032 - 1?
24031
In base 4, what is 1030020 + -2?
1030012
In base 11, what is -5 - -4772?
4768
In base 14, what is 1 + a3?
a4
In base 2, what is -101010001110 + 11?
-101010001011
In base 6, what is 2 + -252?
-250
In base 6, what is 12243 + -1?
12242
In base 6, what is 54004 + 5?
54013
In base 7, what is -4025 + 2?
-4023
In base 9, what is -21803 - 5?
-21808
In base 15, what is -67 + -4?
-6b
In base 10, what is 5 - -621?
626
In base 10, what is -23 - 5?
-28
In base 8, what is 4746 + 0?
4746
In base 13, what is -24 - -87?
63
In base 4, what is -10032 + 3?
-10023
In base 9, what is 5 - 344?
-338
In base 14, what is -79 - 1?
-7a
In base 9, what is -21 - 12?
-33
In base 6, what is -43 - -420?
333
In base 14, what is -bd + -9?
-c8
In base 15, what is -49a + -4?
-49e
In base 14, what is -d8d - -4?
-d89
In base 15, what is a05 - 0?
a05
In base 16, what is -7a + 5?
-75
In base 8, what is 642 + 2?
644
In base 4, what is 11 - 2123?
-2112
In base 9, what is -165 - 0?
-165
In base 14, what is -3 - -c?
9
In base 5, what is -40424 + 10?
-40414
In base 2, what is -11101000 - -1001?
-11011111
In base 16, what is -5 + -125?
-12a
In base 6, what is -304 - -2?
-302
In base 6, what is 1523 - -134?
2101
In base 16, what is -1 + 2114?
2113
In base 8, what is -366 - 37?
-425
In base 11, what is -81 - 118?
-199
In base 13, what is a - -56?
63
In base 11, what is 1 - 30?
-2a
In base 6, what is 5 - -40?
45
In base 13, what is 5 + 71?
76
In base 14, what is 4 - -504?
508
In base 2, what is -1000 - 10001111?
-10010111
In base 9, what is 2 - -420?
422
In base 7, what is 20 + 21?
41
In base 2, what is -1 + -10110001?
-10110010
In base 13, what is 131 - -9?
13a
In base 4, what is 30300 + 0?
30300
In base 12, what is -36 - 122?
-158
In base 16, what is 6 + -20?
-1a
In base 3, what is 20012 + -1211?
11101
In base 10, what is -9 + 0?
-9
In base 3, what is 202201 + 2?
202210
In base 8, what is -44 + -7?
-53
In base 7, what is -3 - -426?
423
In base 5, what is 3 + 12?
20
In base 12, what is 119 + 2?
11b
In base 8, what is 1 + 332?
333
In base 12, what is -2a0 - 1?
-2a1
In base 13, what is 52 + -28?
27
In base 9, what is -1 + 100?
88
In base 4, what is -2 - -1010022?
1010020
In base 16, what is 1 + de9?
dea
In base 12, what is 81 + 4?
85
In base 13, what is -1 + 6?
5
In base 4, what is -201202 - 2?
-201210
In base 13, what is 13 + -303?
-2c0
In base 13, what is 39c - -5?
3a4
In base 15, what is 7e - 16?
68
In base 11, what is 1 + -392?
-391
In base 8, what is 123 + 203?
326
In base 6, what is 0 + 332?
332
In base 12, what is 3 - -103?
106
In base 14, what is -159 + 4?
-155
In base 14, what is -3 + 32?
2d
In base 11, what is 97 - 3?
94
In base 16, what is -419 - 3?
-41c
In base 3, what is 2 + 11102?
11111
In base 8, what is 6 + 126?
134
In base 2, what is 100 - -10?
110
In base 2, what is -1000001 + -1?
-1000010
In base 13, what is -4 - 93?
-97
In base 14, what is 1 - -13a1?
13a2
In base 3, what is 200002 - 0?
200002
In base 2, what is -1 + 110110?
110101
In base 10, what is 0 + 1011?
1011
In base 13, what is ca - 16?
b4
In base 6, what is -1 - 43415?
-43420
In base 4, what is 2222 + -3?
2213
In base 3, what is 201221 - 11?
201210
In base 11, what is 4 + -139?
-135
In base 3, what is 11 - -12222?
20010
In base 13, what is -39 + -7?
-43
In base 10, what is 23 - 430?
-407
In base 12, what is -965 + 21?
-944
In base 4, what is 2033 - 0?
2033
In base 13, what is 6 - 27?
-21
In base 12, what is 7 + 14?
1b
In base 8, what is 7 - 120?
-111
In base 5, what is 201 + 1?
202
In base 9, what is 5 + 7?
13
In base 6, what is 11 + -2?
5
In base 10, what is 5 - -26?
31
In base 2, what is 100011111111 - -10?
100100000001
In base 9, what is 545 + 1?
546
In base 3, what is -202021 + 2?
-202012
In base 6, what is 35 - 551?
-512
In base 16, what is a0 + -3a?
66
In base 3, what is -1200011 - -2?
-1200002
In base 3, what is 12 - 1122020?
-1122001
In base 7, what is 32 + 635?
1000
In base 4, what is 0 + -223221?
-223221
In base 11, what is 1 - -64?
65
In base 6, what is 4324 + -3?
4321
In base 3, what is 22110 - 12?
22021
In base 11, what is -1125 - 8?
-1132
In base 16, what is -37 - -10?
-27
In base 4, what is -20 - -202?
122
In base 6, what is -2 - -121?
115
In base 3, what is 10 + -2001201?
-2001121
In base 9, what is -3 + 23?
20
In base 2, what is 1101 - 0?
1101
In base 3, what is 11 + 2122?
2210
In base 12, what is 3 - -605?
608
In base 11, what is 29 + -3?
26
In base 2, what is 10111110100 - 10?
10111110010
In base 11, what is -19557 - 5?
-19561
In base 5, what is 22242 - 4?
22233
In base 3, what is 211122111 - -10?
211122121
In base 2, what is 10 + -10111100010?
-10111100000
In base 8, what is 46 + 10?
56
In base 10, what is -2 - 87?
-89
In base 11, what is 81 - 4?
78
In base 8, what is 3 - -34?
37
In base 7, what is 2 - 1012?
-1010
In base 16, what is 1d - -b3?
d0
In base